) + -2. Suppose j*i - 403 = f, 0*i - i + 109 = -3*f. List the prime factors of i.
2, 5
Let a(j) = 6473*j - 85. What are the prime factors of a(1)?
2, 1597
Let g = 154372 - 86284. List the prime factors of g.
2, 3, 2837
Suppose 0 = -76*s - 34*s + 1588840. What are the prime factors of s?
2, 23, 157
Let n(r) = 82*r - 141. Let j be n(7). Let g = j + -33. What are the prime factors of g?
2, 5
Let h(r) be the third derivative of r**6/120 + 17*r**5/60 - 31*r**4/24 + 8*r**3 - 46*r**2. List the prime factors of h(-15).
3, 107
Let y(q) = 58*q**2 + 2*q - 8. Suppose 6*j - j = -5*r - 30, 4*j - 3 = 5*r. Let v be y(j). Let z = 733 - v. List the prime factors of z.
3, 5
Let w be -4 - (4/(-2) - 2). Suppose -3*x - x = -3*s + 16, w = -2*s + x + 9. What are the prime factors of -2 + 10 + -3 - (s - 4)?
5
Let y(q) = 5*q**2 - 106*q + 941. Let r be y(9). Let b(g) = 202*g**2 + g + 2. Let o be b(-2). Suppose 12*h = o + r. What are the prime factors of h?
2, 5
Let y = -825 - -802. Let n(h) = -69*h - 125. List the prime factors of n(y).
2, 17, 43
Let t(j) = -5*j + 17. Let o be t(4). Let l(p) be the first derivative of 10*p**3/3 - p**2 - 3*p - 2. What are the prime factors of l(o)?
3, 31
Let u = -1 - -1. Let t(x) = 92*x**2 - 6*x + 494. Let l(a) = 66*a**2 - 4*a + 329. Let z(o) = -7*l(o) + 5*t(o). What are the prime factors of z(u)?
167
Suppose 5*g - 1 = -4*y, -3 = -3*y - 2*g - g. Suppose y*p - 1087 = -3*r + 193, -640 = -2*p - 4*r. List the prime factors of p.
2, 5
Suppose 0 = 3*q + d - 134, 0*d - d - 181 = -4*q. Suppose -3*g + 4*n + 4392 = 736, 0 = -2*g - 3*n + 2409. Suppose q*h - g = 39*h. List the prime factors of h.
2, 101
What are the prime factors of (1316156/293)/(4/14)?
2, 7, 1123
Let z be 23/(115/(-24)) + 4/5. What are the prime factors of (-78)/z*(8 - -16)?
2, 3, 13
Suppose -247*l = -56*l - 688364. What are the prime factors of l?
2, 17, 53
Let u(z) = -22*z**2 + 5*z + 14. Let i be u(-2). Suppose 2*p = 5*p - 378. Let x = p + i. What are the prime factors of x?
2, 3, 7
Let g(x) be the first derivative of 4*x**2 - 7*x + 1. Let u be g(2). Suppose -u*t = -3*t - 24. List the prime factors of t.
2
Let v(n) = n**3 + 6*n**2 + 2*n - 8. Let i be v(-5). Let w(y) = 70*y - 7 - 36 + i. What are the prime factors of w(4)?
2, 61
Suppose 2*m + 1717 = -3*o + 6*m, -2*m = 10. Let z = 1291 + o. What are the prime factors of z?
2, 89
Let i(o) = -9*o + 23. Let j = 54 - 52. Suppose j*k + 8 - 30 = 4*t, t = 2*k - 13. What are the prime factors of i(t)?
2, 5
Let k be 12/((-144)/(-510))*-2. Let r = 614 + k. What are the prime factors of r?
23
Let m(n) be the third derivative of 29*n**4/8 - 179*n**3/6 - 3*n**2 - 20. What are the prime factors of m(6)?
7
Suppose 5*f = -3*l + 20 + 25, 5*l = 2*f - 18. Let g be (-21)/4*96/(-108)*3. Let w = g + f. List the prime factors of w.
23
Suppose -o + 11*o = 600. Suppose -o*w = -63*w + 627. List the prime factors of w.
11, 19
Let v(s) = s**2 - 8*s + 8. Suppose -g + 3*i - 2 = 0, -2*g + 5*i - 3 = -0. Let c(x) = x - 1. Let t(q) = g*v(q) + 2*c(q). List the prime factors of t(-6).
2, 3, 13
Let c(j) = 3 + 86*j + 4*j**2 - j**2 - j**2 - 92*j. Let b be c(2). List the prime factors of (-2 - b)/1*(-169 - 4).
173
Let f(y) = -y**3 + 16*y**2 + 4. Let m(n) = 3*n + 4. Let s be m(4). Let j be f(s). Suppose -90 - 94 = -j*t. What are the prime factors of t?
2, 23
What are the prime factors of 327250/15 - (33/(-45) - 4/(-10))?
21817
Let h(j) = -5*j + 15. Let t be h(-1). Suppose 0 = -t*o - 88 + 828. What are the prime factors of o?
37
Let d(u) = -21*u**2 + u + 18. Let q be d(4). Let a = q + 454. Let z = -8 + a. List the prime factors of z.
2, 3, 11
Let v be (0 - -6) + (6 - 9). Suppose z = -v, -5*r - z = z - 79. Suppose 3*w = -p + r, -3*p + w + 51 = 3*w. List the prime factors of p.
17
Let t(d) = 4*d - 3*d + 167 + 6*d - 197. Let r be t(5). Suppose 770 = 5*y + r*y. List the prime factors of y.
7, 11
Let m = -797 - -657. List the prime factors of (363/(-6))/(5/m*2).
7, 11
Suppose -v = -2*h - 0*v + 3, -20 = -4*v. Let l(o) = -o**2 - o + 22. Let s be l(h). Suppose g = s*g - d - 270, -5*g + 1370 = 5*d. List the prime factors of g.
2, 17
Let w(a) be the second derivative of -5*a**6/72 + 7*a**5/120 - 3*a**4/2 + 11*a. Let f(j) be the third derivative of w(j). What are the prime factors of f(-2)?
107
Let i(u) = 86*u + 1. Suppose 0 = 5*w - 8*w + 6. List the prime factors of i(w).
173
Let p be (-1)/(27/15 + -2). Let u = -520 + 519. What are the prime factors of u - (-1 + 2) - p*-17?
83
Let y = -52818 - -76204. What are the prime factors of y?
2, 11, 1063
Let t(r) = -515*r + 9255. What are the prime factors of t(-30)?
3, 5, 61
Suppose 90 = -5*q + 45. List the prime factors of (7 + q + 3)*145.
5, 29
Suppose -6*k - 8927 = -23987. List the prime factors of k.
2, 5, 251
Suppose 2321*u - 1173*u = 1170*u - 1274306. List the prime factors of u.
57923
Let g be -3*(13/(-1))/(-1). Let c = g - -45. Suppose -3*k - 24 = -c*k. What are the prime factors of k?
2
Let a = -27 - 0. Suppose g - 9 = 4*u, 0*g = g - 5*u - 12. List the prime factors of -6*a*g/(-6).
3
Suppose 4*k - 297344 = -4*p, 5*k - 336342 = -3*p - 113348. List the prime factors of p.
3, 24781
Suppose 77*s - 22115 = -2*u + 76*s, 5*u = -s + 55292. What are the prime factors of u?
11059
Let a(g) = -8*g - 3 + 585*g**2 - 235*g**2 + 10. List the prime factors of a(1).
349
Let z(b) = 26*b + 36. Let v(d) = d**3 - 3*d + 4. Suppose 5*k + 26 = 18*k. Let o be v(k). What are the prime factors of z(o)?
2, 3
Suppose -10 = -3*i - c + 1, 4*i + 5*c - 22 = 0. Suppose i*t + 6*n = 10*n + 550, -5*n + 405 = 2*t. What are the prime factors of t?
2, 5, 19
Let n = 33982 + -18832. What are the prime factors of n?
2, 3, 5, 101
Let i = 679 + -2082. Let s = i - -2232. List the prime factors of s.
829
Let l(j) = -5*j**2 - 51*j - 55. Let p(w) = w**2 + 10*w + 11. Let n(a) = -2*l(a) - 11*p(a). Let v be n(-4). What are the prime factors of 3/((-9)/(-40))*6/v?
2
Let d = -683 - -373. Let v = d - -690. Suppose -3*c = 2*c - 2*p - v, -5*p + 259 = 3*c. List the prime factors of c.
2, 3, 13
Suppose 25*w + 66*w = 60151. What are the prime factors of w?
661
Let d = -36 - -40. Suppose 6*h = -d*h - 320. Let f = h - -268. What are the prime factors of f?
2, 59
Let h(f) = 34*f**2 - f. Suppose -8*a + 0*a = -8. Let d be h(a). Let o = -11 + d. List the prime factors of o.
2, 11
Let w = -75 - -75. Let b(k) = -2*k**3 - k**2 + 2*k + 4. Let g be b(w). Suppose g*c - 121 = 299. What are the prime factors of c?
3, 5, 7
Let f be (-9)/2*(-2 + 1 + -197). What are the prime factors of 3 - (40/6)/((-22)/f)?
3, 7, 13
Suppose -3*o - 2 + 17 = 0. Suppose 0 = -2*j + o*j - 24. Let q(p) = p**3 - 8*p**2 + 4*p + 18. What are the prime factors of q(j)?
2, 5
Let k = -17156 + 19864. What are the prime factors of k?
2, 677
Let t = 336 - -266. Suppose -s + t = -5*w, w + 3058 = 5*s - 0*w. List the prime factors of s.
2, 3, 17
Let g = 18 + -14. Suppose -3*j + j = -4*y - 730, -y - g*j - 205 = 0. Let w = -79 - y. What are the prime factors of w?
2, 53
Let r = 191169 - 112827. List the prime factors of r.
2, 3, 11, 1187
Let d(a) = -9*a**3 + a**2 - 1. Let y be d(-1). Let x = -6727 - -6731. What are the prime factors of 495/x + y/36?
2, 31
Let q(i) = -19*i + 13. Let z be q(-4). Let r = z - 87. What are the prime factors of 462/r + (-2)/((-10)/15)?
2, 3, 13
Suppose -18*t = -4*d - 17*t + 312761, 4*t = -5*d + 390946. What are the prime factors of d?
2, 5, 7, 1117
Let s be -14 + 2 + 0 + 4. Let i(k) = -23*k - 80. What are the prime factors of i(s)?
2, 13
List the prime factors of (-135)/(-162) + 8047/6.
2, 11, 61
Let l = 577 + -574. Suppose l*n - 4155 + 186 = 0. List the prime factors of n.
3, 7
Let f(u) = 273*u + 618. What are the prime factors of f(4)?
2, 3, 5, 19
Suppose -184*p - 41*p + 229505 = -28*p. List the prime factors of p.
5, 233
Suppose -10*j = -5*u - 5*j + 2520, 3*j = 6. List the prime factors of u.
2, 11, 23
Let b(d) = -163*d**3 + 59*d**2 + 200*d - 2. List the prime factors of b(-4).
2, 17, 311
Let f be -28 - ((-1)/5 - (-99)/45). Let o(d) = -6*d + 56. List the prime factors of o(f).
2, 59
Let s be -1 + -1 + 1*2 + 14. Let v = 37 + s. Let r = 93 - v. What are the prime factors of r?
2, 3, 7
Suppose 62*x = 61*x + k + 5688, -22758 = -4*x + 5*k. List the prime factors of x.
2, 3, 947
Suppose -7 = -2*v - 21. Let k(j) =